 -3211 + 3?
-3203
In base 10, what is -317 - -3?
-314
In base 11, what is a77 - 2?
a75
In base 16, what is 9 - -32?
3b
In base 2, what is -11010101 + -1001?
-11011110
In base 16, what is -a28 - 5?
-a2d
In base 9, what is -20 + -43?
-63
In base 14, what is 1 - 41?
-40
In base 2, what is 101001 - 11?
100110
In base 10, what is -30 + 5?
-25
In base 6, what is -23 - 3244?
-3311
In base 11, what is 1 + -32?
-31
In base 13, what is 1 + 17?
18
In base 9, what is -1 - -18?
17
In base 15, what is 0 + 15b3?
15b3
In base 11, what is 201 + 5?
206
In base 4, what is 11130 + -1?
11123
In base 10, what is -90 - -12?
-78
In base 9, what is 22 - 83?
-61
In base 14, what is -1 - -11?
10
In base 15, what is 52 - -4d?
a0
In base 11, what is 0 - -47?
47
In base 16, what is -1407 + 5?
-1402
In base 14, what is 5c7 - 1?
5c6
In base 7, what is 0 + 136?
136
In base 2, what is -1001 - 111110011?
-111111100
In base 2, what is 1100 + 10000?
11100
In base 12, what is 2 + 1141?
1143
In base 6, what is -24 + 1015?
551
In base 2, what is 10000 + -1001000101?
-1000110101
In base 7, what is -2325 - -5?
-2320
In base 16, what is 0 - -1e6?
1e6
In base 7, what is 3346 - -4?
3353
In base 12, what is -3 - -9?
6
In base 4, what is 31301 + 0?
31301
In base 6, what is 2 + 35?
41
In base 11, what is -5 - -1464?
145a
In base 11, what is -3 - 226?
-229
In base 12, what is 18b - -1?
190
In base 14, what is -91 + -1?
-92
In base 8, what is 0 - -213?
213
In base 15, what is 7 + -112c?
-1125
In base 3, what is -1211 + 2?
-1202
In base 6, what is -5311 + -4?
-5315
In base 4, what is 3 + 23023?
23032
In base 8, what is 52 - 465?
-413
In base 14, what is -164 + 9?
-159
In base 8, what is 454 - -21?
475
In base 8, what is 6 + 12?
20
In base 11, what is -5 - -a08?
a03
In base 16, what is -4 + 2b1?
2ad
In base 8, what is -6 + 2200?
2172
In base 10, what is -3 + 120?
117
In base 6, what is 13 + -140?
-123
In base 9, what is -1 + 403?
402
In base 3, what is 102110 - -1022?
110202
In base 2, what is 11 - 1101111111?
-1101111100
In base 9, what is -313 - 5?
-318
In base 14, what is 13 + -1c?
-9
In base 12, what is -36 + 390?
356
In base 10, what is 39 + 359?
398
In base 6, what is -2 - 21?
-23
In base 12, what is -420 - 47?
-467
In base 13, what is -2 - b31?
-b33
In base 3, what is -2202 + 11?
-2121
In base 6, what is 321 - -20?
341
In base 8, what is 44 - 13?
31
In base 4, what is 2 + 22121?
22123
In base 3, what is -1001 - 2000?
-10001
In base 3, what is 10002 - -11?
10020
In base 13, what is -192 - 0?
-192
In base 3, what is 0 - -1021?
1021
In base 2, what is 1011111 - -110011?
10010010
In base 12, what is -1b - 13?
-32
In base 4, what is 0 - 3223?
-3223
In base 13, what is -c88 + -5?
-c90
In base 5, what is -120 - 43?
-213
In base 14, what is -d + 21?
12
In base 3, what is -2 + -10022?
-10101
In base 7, what is 0 - -13300?
13300
In base 2, what is 1011111000 + -10100?
1011100100
In base 3, what is -11 + 1102000?
1101212
In base 16, what is -c + 87?
7b
In base 5, what is 40 + 1442?
2032
In base 11, what is 1 + 63?
64
In base 6, what is 0 + 552?
552
In base 9, what is 24 - -10?
34
In base 11, what is -863 + -2?
-865
In base 15, what is -9 + 71?
67
In base 12, what is -10 - -3?
-9
In base 13, what is -c + -bc?
-cb
In base 12, what is 1b73a + -2?
1b738
In base 9, what is 251 + 5?
256
In base 10, what is -1 - -93?
92
In base 12, what is -279a - 3?
-27a1
In base 13, what is 0 + 296?
296
In base 7, what is -3 + 23?
20
In base 16, what is 1 - 6e?
-6d
In base 5, what is -142 + -1412?
-2104
In base 14, what is 1 - -81?
82
In base 11, what is 6 - 1?
5
In base 14, what is -62 - -8?
-58
In base 5, what is -12 + 1021?
1004
In base 8, what is -4 - 15051?
-15055
In base 13, what is -20 + c?
-11
In base 6, what is 5 - -13332?
13341
In base 9, what is -170 - -1?
-168
In base 14, what is -58 + b?
-4b
In base 7, what is 53 - -2?
55
In base 15, what is 0 + -91?
-91
In base 11, what is 2 - -486?
488
In base 13, what is -49 - 0?
-49
In base 13, what is 19 - 6?
13
In base 11, what is 748 - 3?
745
In base 15, what is 4 + -49?
-45
In base 2, what is 1110101 - -1?
1110110
In base 3, what is 121 + 11?
202
In base 10, what is -68 + -1?
-69
In base 13, what is -3 + -24?
-27
In base 10, what is -1746 + -4?
-1750
In base 4, what is -1200 + -10?
-1210
In base 10, what is -3 - 7866?
-7869
In base 7, what is 6 - 12520?
-12511
In base 12, what is 1a5a + 5?
1a63
In base 9, what is 572 - 4?
567
In base 10, what is -1914 + 5?
-1909
In base 11, what is 2a - -137?
166
In base 12, what is 8 + -514?
-508
In base 15, what is 926 + 3?
929
In base 12, what is b3 - 8?
a7
In base 5, what is 0 - -132?
132
In base 6, what is 11 + -10?
1
In base 15, what is 0 - c3?
-c3
In base 8, what is -2353 - 14?
-2367
In base 2, what is -10111001 + -100101?
-11011110
In base 3, what is 201 + -12?
112
In base 5, what is -14340 + 3?
-14332
In base 8, what is -14023 - 0?
-14023
In base 2, what is 10 + -1100110100001?
-1100110011111
In base 13, what is c6 - 11?
b5
In base 3, what is 0 + 1220211?
1220211
In base 4, what is 302010 - 2?
302002
In base 16, what is -2a - -8?
-22
In base 4, what is 3 + 301?
310
In base 2, what is -111000101100 - 0?
-111000101100
In base 14, what is 990 + 0?
990
In base 12, what is 139 - 1?
138
In base 16, what is -220 - 0?
-220
In base 14, what is 2 + -c5?
-c3
In base 11, what is -16 + -15?
-30
In base 5, what is 14122 + -20?
14102
In base 14, what is 5 - -c1?
c6
In base 2, what is 11100 - 1110010?
-1010110
In base 16, what is 3 + -20b?
-208
In base 4, what is -101 + -22?
-123
In base 15, what is -3 - -ae?
ab
In base 11, what is 0 - 52?
-52
In base 9, what is -5 - -6?
1
In base 9, what is -4 - 544?
-548
In base 15, what is -49 + -3?
-4c
In base 11, what is 2 + 771a?
7721
In base 4, what is -11312 + -10?
-11322
In base 16, what is -1c6 + -1e?
-1e4
In base 5, what is -122101 + 0?
-122101
In base 4, what is -321 + 11?
-310
In base 5, what is -211 + 24?
-132
In base 11, what is 3 + 3280?
3283
In base 11, what is -76 - 1?
-77
In base 10, what is -664 + 4?
-660
In base 9, what is 21 + 231?
252
In base 13, what is -17c7 + -5?
-17cc
In base 7, what is -43 + -11?
-54
In base 5, what is -3424 + 3?
-3421
In base 4, what is 10 + 1313?
1323
In base 15, what is 1 + -37?
-36
In base 3, what is 10202122 + 10?
10202202
In base 16, what is 20 + 23?
43
In base 12, what is -4 + -1a39?
-1a41
In base 6, what is 441 - -31?
512
In base 13, what is 3 - -17?
1a
In base 9, what is -817 + 10?
-807
In base 5, what is 11033 - 0?
11033
In base 10, what is -1 - -69?
68
In base 13, what is 585a - -5?
5862
In base 3, what is 11212112 - 10?
11212102
In base 7, what is -21 - 1532?
-1553
In base 3, what is 1110 - 11?
1022
In base 13, what is -6 - -1c?
16
In base 7, what is -3 + -13103?
-13106
In base 10, what is 6 + 56?
62
In base 5, what is 100 + -1?
44
In base 9, what is -24 + -807?
-832
In base 11, what is -a30 + 5?
-a26
In base 3, what is -110 - 221?
-1101
In base 15, what is -1e2 - 22?
-214
In base 12, what is -21 - 709?
-72a
In base 12, what is 90 - 3?
89
In base 7, what is -1 - -332?
331
In base 2, what is -1 + 11001000?
11000111
In base 10, what is 2 + -76?
-74
In base 13, what is -367 + 3?
-364
In base 5, what is -4 + 431?
422
In base 8, what is 5 - 23?
-16
In base 4, what is 21 + -2333?
-2312
In base 6, what is -2 - 241?
-243
In base 15, what is 4 - -11?
15
In base 10, what is -894 + 3?
-891
In base 7, what is -2 - -1326?
1324
In base 5, what is -1033 + 22?
-1011
In base 4, what is -1 + 101?
100
In base 11, what is -115 + -1?
-116
In base 9, what is -5 + 1017?
1012
In base 9, what is 1 + -5875?
-5874
In base 7, what is 34 - -15?
52
In base 14, what is 4c4 - -4?
4c8
In base 4, what is 11 + 1?
12
In base 6, what is 3 + -10?
-3
In base 4, what is 10210 - -11?
10221
In base 5, what is -32 + -11?
-43
In base 16, what is 146 - 2?
144
In base 11, what is -942 - -3?
-93a
In base 6, what is -3202 - -3?
-3155
In base 6, what is -33 + -1122?
-1155
In base 8, what is 16 - 413?
-375
In base 6, what is 40244 - 2?
40242
In base 7, what is 4 - -460?
464
In base 8, what is -1513 - 0?
-1513
In base 4, what is -2312 + 1?
-2311
In base 8, what is 4 - -52?
56
In base 4, what is -21 - -2000?
1313
In base 3, what is 10 + -1102?
-1022
In base 2, what is -10100 - -1000011011?
100000